).
142
Let f(g) = 8*g + 221. What is f(-26)?
13
Let z(a) = -88*a - 8450. Determine z(-96).
-2
Let y(g) = -268*g - 2777. Determine y(-14).
975
Let o(i) = -6*i**3 + 82*i**2 + 71*i - 603. Determine o(14).
-1
Let t(v) = -5*v**2 - 441*v - 3635. What is t(-79)?
-1
Let o(a) = 35*a - 313. What is o(8)?
-33
Let d(a) = -2*a**3 + 19*a**2 - 43*a - 15. What is d(5)?
-5
Let d(w) = -w**3 + 2*w**2 - 149*w + 289. Calculate d(2).
-9
Let h(a) = -12*a**2 + 145*a + 1288. What is h(-6)?
-14
Let c(n) = -3516*n + 7025. Give c(2).
-7
Let r(f) = 25*f + 441. What is r(-17)?
16
Let f(n) = -46*n - 835. Give f(-19).
39
Let p(u) = 7*u**2 - 574*u - 2405. Calculate p(-4).
3
Let i(f) = 86*f**2 - 61*f. Calculate i(1).
25
Let p(h) = 3*h**2 - 67*h + 471. Give p(8).
127
Let c(j) = j**3 - 2*j**2 - 11*j - 23. What is c(-5)?
-143
Let n(t) = -54*t - 118. Give n(-2).
-10
Let f(b) = 130*b + 899. What is f(-7)?
-11
Let f(d) = -1054*d - 6328. What is f(-6)?
-4
Let a(b) = b**2 - 391*b - 5675. Determine a(-14).
-5
Let p(r) = 62*r - 178. What is p(3)?
8
Let i(w) = -2*w**2 - 10*w - 12. Give i(-14).
-264
Let p(w) = -5*w + 97. What is p(9)?
52
Let d(t) = -56*t**2 + 38*t - 10. Calculate d(1).
-28
Let n(t) = -2*t**3 + 7*t**2 + 13*t + 20. What is n(5)?
10
Let t(b) = 3*b**3 - 35*b**2 - 2*b - 119. What is t(12)?
1
Let b(q) = q**2 - 31*q - 95. Give b(38).
171
Let u(o) = 3*o**3 - 51*o**2 + 102*o - 8. Give u(2).
16
Let x(f) = 735*f - 6646. Determine x(9).
-31
Let d(w) = -64*w**3 + 8*w**2 + 19*w - 26. Determine d(1).
-63
Let g(s) = 877*s - 2504. Calculate g(3).
127
Let f(l) = l**2 - 45*l + 175. Give f(41).
11
Let d(j) = -9*j**3 - 62*j**2 - 17*j + 3. Determine d(-6).
-183
Let n(y) = -y**3 - 9*y**2 - 10*y + 30. Determine n(-7).
2
Let i(k) = 20*k - 1908. What is i(96)?
12
Let d(a) = -2*a**2 + 394*a - 1544. Give d(4).
0
Let m(c) = -c**2 + 15*c - 151. Calculate m(9).
-97
Let f(t) = t**3 - 39*t**2 + 168*t + 61. Give f(34).
-7
Let o(x) = 42*x + 215. Give o(-11).
-247
Let d(p) = -2*p**2 - 107*p - 75. Calculate d(-56).
-355
Let s(a) = 2*a**3 - 205*a**2 - 101*a - 200. What is s(103)?
6
Let z(d) = -8*d**2 - 701*d + 1705. Give z(-90).
-5
Let i(z) = -3*z**3 + 30*z**2 - 8*z + 76. Give i(10).
-4
Let q(j) = -j + 298. What is q(42)?
256
Let i(l) = 2*l**2 - 201*l - 616. Give i(-3).
5
Let a(i) = -24*i**2 - 764*i + 92. Calculate a(-32).
-36
Let f(a) = 58*a - 2266. Give f(39).
-4
Let y(d) = 11*d + 117. Determine y(-13).
-26
Let n(w) = 11*w + 183. Determine n(-51).
-378
Let c(q) = -q**3 + 10*q**2 + 33*q + 316. Calculate c(14).
-6
Let l(h) = -h**2 + 156*h - 156. What is l(155)?
-1
Let a(j) = -151*j + 901. What is a(6)?
-5
Let u(r) = -11*r**2 + 27*r + 38. Give u(5).
-102
Let k(v) = -397*v + 1977. Give k(5).
-8
Let u(j) = j**3 + 22*j**2 - 37*j - 367. What is u(-23)?
-45
Let i(k) = -100*k + 166. What is i(-3)?
466
Let t(v) = 40*v - 3885. Determine t(97).
-5
Let x(j) = -255*j - 652. Calculate x(-3).
113
Let y(x) = -61*x - 2470. Give y(-45).
275
Let i(o) = 10*o - 125. Determine i(13).
5
Let y(u) = -66*u - 440. Give y(-6).
-44
Let c(r) = -r**3 - 31*r**2 + 68*r + 38. What is c(-33)?
-28
Let y(q) = -q**3 - 25*q**2 - 17*q - 37. What is y(-24)?
-205
Let x(f) = -7*f**2 + 249*f - 119. What is x(35)?
21
Let y(b) = 36*b - 567. Give y(16).
9
Let f(z) = -11*z**2 - 6*z - 27. Give f(4).
-227
Let y(d) = -d**3 + 39*d**2 + 42*d - 19. What is y(40)?
61
Let w(d) = d**2 - 100*d + 1271. What is w(15)?
-4
Let v(u) = -351*u + 1492. Determine v(5).
-263
Let h(w) = -w**3 - 19*w**2 + 18*w - 48. What is h(-20)?
-8
Let w(n) = -77*n + 2074. Give w(29).
-159
Let c(t) = -13*t**3 - 2*t**2 + 15*t + 9. What is c(4)?
-795
Let f(w) = -w**3 + 99*w**2 - 187*w - 747. What is f(97)?
-68
Let z(b) = -6*b + 40. What is z(7)?
-2
Let o(l) = -l**3 - 22*l**2 - 35*l + 105. What is o(-20)?
5
Let h(u) = 90*u - 498. Give h(6).
42
Let p(q) = -103*q + 103. Give p(1).
0
Let k(h) = 2*h**2 - 135*h + 2179. Determine k(27).
-8
Let f(t) = 4034*t + 32304. Give f(-8).
32
Let t(m) = -m**2 - 218*m + 895. Determine t(4).
7
Let d(j) = -14*j**2 + 8*j + 3. Give d(4).
-189
Let w(x) = 18*x + 189. Determine w(-10).
9
Let z(x) = -295*x - 2306. What is z(-7)?
-241
Let s(m) = 7745*m - 92955. Determine s(12).
-15
Let b(i) = -498*i + 32367. Determine b(65).
-3
Let n(p) = -p**2 + 46*p - 506. Give n(29).
-13
Let x(i) = 8*i - 29. Determine x(7).
27
Let w(n) = -144*n**2 - 23*n + 35. Determine w(1).
-132
Let g(u) = -18*u**2 - 16*u - 40. Calculate g(-2).
-80
Let f(j) = j**3 - 2*j**2 + 9*j - 43. Give f(3).
-7
Let v(q) = -3*q**2 + 43*q + 10. What is v(15)?
-20
Let d(l) = 17*l + 1141. What is d(-70)?
-49
Let f(a) = -2*a**3 + 36*a**2 + 83*a + 910. Determine f(21).
7
Let t(x) = -x**2 + 135*x + 2949. Determine t(154).
23
Let i(g) = 2*g**2 - 41*g - 1049. Give i(-15).
16
Let w(u) = 16*u**2 + 84*u + 7. Determine w(-5).
-13
Let x(j) = 6*j**2 - 155*j + 150. Determine x(1).
1
Let w(d) = 192*d + 1345. What is w(-7)?
1
Let a(d) = -667*d + 1342. Determine a(2).
8
Let i(c) = -45*c - 277. What is i(-5)?
-52
Let o(a) = 48*a + 2325. Give o(-49).
-27
Let b(m) = -15*m + 195. Give b(12).
15
Let z(h) = -h**3 + 40*h**2 - 43*h + 161. What is z(39)?
5
Let l(m) = -20*m - 815. Give l(-41).
5
Let x(r) = r**2 + 59*r - 696. Determine x(10).
-6
Let p(y) = -y**2 + 33*y - 172. Give p(29).
-56
Let a(p) = 128*p + 304. Calculate a(4).
816
Let o(w) = w**2 - 194*w - 587. What is o(197)?
4
Let j(m) = -3*m**2 + 26*m - 100. What is j(12)?
-220
Let g(k) = 349*k - 8397. Calculate g(24).
-21
Let s(y) = y**3 + 2*y**2 + y + 36. Give s(-4).
0
Let k(d) = 49*d - 15. Give k(1).
34
Let f(j) = -182*j + 8193. What is f(45)?
3
Let z(h) = h**3 - 22*h**2 - 72*h - 49. Give z(25).
26
Let t(s) = 2*s - 50. Determine t(-1).
-52
Let b(a) = a**3 - 20*a**2 - 20*a + 57. Calculate b(20).
-343
Let q(j) = 194*j - 1175. What is q(6)?
-11
Let q(r) = -r**2 - 60*r - 512. What is q(-29)?
387
Let g(b) = -2*b**3 + 14*b**2 - 43*b + 40. Determine g(5).
-75
Let n(l) = -2*l**3 - 148*l**2 + 1494*l - 6. Give n(-83).
-6
Let g(n) = 2*n**2 - 340*n + 3896. Determine g(12).
104
Let p(f) = 20*f - 40. Determine p(1).
-20
Let r(u) = -u**2 - 73*u + 1626. Determine r(-91).
-12
Let m(v) = 6*v**3 - 335*v**2 - 53*v - 262. What is m(56)?
-94
Let c(i) = 46*i**2 - 1335*i + 24. What is c(29)?
-5
Let n(w) = w**3 + 25*w**2 + 90*w + 111. What is n(-21)?
-15
Let h(f) = 24*f - 193. What is h(10)?
47
Let l(a) = 98*a**2 - 686*a - 14. Calculate l(7).
-14
Let s(p) = -17*p**2 - 410*p - 50. Calculate s(-24).
-2
Let i(c) = -611*c + 17060. Give i(28).
-48
Let t(k) = -417*k + 11673. What is t(28)?
-3
Let i(y) = y**3 - 30*y**2 + 114*y + 718. Determine i(24).
-2
Let c(y) = -2*y**2 - 22*y + 10. What is c(0)?
10
Let d(w) = w**3 + 15*w**2 + 45*w - 58. Give d(-15).
-733
Let i(u) = -30689*u - 30664. Calculate i(-1).
25
Let m(f) = 4*f**3 + 9*f**2 + 11*f + 15. What is m(-3)?
-45
Let l(o) = -o**3 - 3*o**2 - 121*o - 496. Calculate l(-4).
4
Let c(v) = v**3 + 13*v**2 - 38*v + 18. Give c(-15).
138
Let q(a) = 2*a**2 + 28*a - 57. Calculate q(2).
7
Let f(w) = 4*w**2 + 11*w + 122. Determine f(-12).
566
Let l(z) = -78*z**3 + 87*z**2 - 29*z + 27. Determine l(1).
7
Let v(g) = -g**3 - 72*g**2 + 325*g + 1599. What is v(-76)?
3
Let r(q) = 26*q - 225. Give r(9).
9
Let b(y) = 3*y**3 - 49*y**2 + 66*y - 5. What is b(15)?
85
Let x(i) = -1091*i - 6556. Calculate x(-6).
-10
Let s(m) = -m**3 + 54*m**2 - 115*m + 579. Determine s(52).
7
Let i(g) = 6*g**3 + 482*g**2 + 87*g - 5843. What is i(-80)?
-3
Let r(g) = -5*g**2 + 22*g + 30. Calculate r(6).
-18
Let b(s) = s**3 - 11*s**2 + 27*s - 8. Give b(0).
-8
Let h(x) = -878*x - 41266. Give h(-47).
0
Let k(y) = -14*y - 2513. Give k(-85).
-1323
Let q(w) = -w**2 - 57*w - 557. Give q(-15).
73
Let q(g) = g**3 - 3*g**2 - 34*g + 11. Determine q(7).
-31
Let y(s) = 20*s**2 + 106*s + 47. Give y(-5).
17
Let l(m) = m**2 + 11*m + 117. Give l(-11).
117
Let v(o) = 3*o**2 + 105*o + 343. Calculate v(-30).
-107
Let r(u) = -2541*u - 2534. What is r(-1)?
7
Let z(a) = -8*a**2 + 92*a - 96. Determine z(13).
-252
Let p(k) = -29*k - 73. What is p(-2)?
-15
Let y(f) = -15*f**2 - 901*f - 144. Calculate y(-60).
-84
Let s(f) = -f**3 + 54*f**2 - 107*f + 130. Give s(52).
-26
Let o(q) = 4*q**2 - 12*q - 172. Determine o(-7).
108
Let n(s) = -s**3 - 75*s**2 - 251*s - 2525. Calculate n(-72).
-5
Let v(n) = -6*n**3 - 4*n**2 - n + 2. Give v(-1).